 Suppose -m = 7*n - 3*n. What is the tens digit of 1/(n/9) + 36?
3
Suppose 0 = 12*l - 1279 - 233. What is the hundreds digit of l?
1
Suppose 0 = 33*y - 27*y - 2742. What is the hundreds digit of y?
4
Suppose -3*x = -9*x + 36. Suppose 468 - 1494 = -x*q. What is the hundreds digit of q?
1
Suppose 5*p - 5*d = 1305, -2 - 2 = 4*d. Suppose -3*z + 4*m + 273 = 37, -2*m + p = 3*z. What is the tens digit of z?
8
Let r(w) = 8*w**3 - w**2 - w + 1. Let j be r(1). Let u(o) = 12*o + 2*o**3 - 292*o**2 + 303*o**2 - j - o**3. What is the tens digit of u(-9)?
4
Let d be (-2 - (-18)/3) + -3. Let k(v) = 2*v + 1. Let a be k(d). Suppose -a*c + 14 = -10. What is the units digit of c?
8
Let i = -52 + -24. Let b = -51 - i. What is the units digit of b?
5
Let m = 6 + -23. Let w = -15 - m. Let l(b) = b. What is the units digit of l(w)?
2
Let g be 3/(-45)*-5*-3. What is the tens digit of (7 - g)*(1 - -7)?
6
What is the units digit of 18879/(-84)*(-3)/((-6)/(-8))?
9
Let t = 28 - 24. Suppose 7 = t*r - 45. What is the tens digit of r?
1
Suppose -9*g - p = -8*g - 259, -g + 250 = -2*p. What is the tens digit of g?
5
Suppose 2465 = -3*v + 14534. What is the tens digit of v?
2
Suppose 0 = 5*a + 4*g - 81 - 75, -3*g = 3*a - 96. Let y = 110 - a. Suppose -y = -3*j + 41. What is the units digit of j?
1
Suppose -5*w = h - 6*h + 115, 2*w - h = -41. Let u = 66 + w. What is the units digit of u?
8
Let s(p) = -103*p + 10. Let w(i) = -i - 1. Let j(k) = s(k) + 4*w(k). What is the hundreds digit of j(-1)?
1
Let a(j) = -j**3 + 10*j**2 - 8*j + 7. Suppose 0 = -7*t + 3*t + 24. What is the tens digit of a(t)?
0
Suppose -3*h = 0, 0*w - 216 = -3*w - 4*h. Let x = w - 47. What is the tens digit of x?
2
Let o = 35 - 30. Suppose k + 4*j = 2 + 9, 17 = o*k + j. Suppose 2*t + 8 = 0, -k*d + t + 32 = d. What is the units digit of d?
7
Let c = 4023 - 1294. What is the hundreds digit of c?
7
Let v = 35 - 36. What is the units digit of v*(-305)/5 + -2?
9
Suppose -2*l + 0 + 6 = 0. Suppose -l*d + 201 + 105 = 0. Let j = -52 + d. What is the units digit of j?
0
Let y = -36 + 42. Suppose k + 8 = w, -2*k = -y - 4. What is the units digit of w?
3
Let g = 202 - -1087. What is the units digit of g?
9
Let r = 1897 + -1685. What is the tens digit of r?
1
Suppose g + 96 - 21 = -2*t, 2*g + 5*t + 147 = 0. What is the tens digit of (-5)/(20/16) - g?
7
Let o = 6 + -9. Let x = o - -15. Let b = x + 21. What is the units digit of b?
3
Suppose -485*n + 17805 = -480*n. What is the units digit of n?
1
Suppose -844 = -18*s - 2284. Suppose 0 = -3*c + 3, 4*f = 2*f - 5*c - 39. Let q = f - s. What is the tens digit of q?
5
Let z(j) = 10*j**2 - 9*j + 0 - 9*j**2 - 1 - 2*j**2. What is the units digit of z(-7)?
3
Let i be (-4648)/(-24) + (-4)/6. Suppose 3*j - 92 - i = 0. What is the tens digit of j?
9
Let j = -24 - -72. Suppose j = 8*n - 328. What is the tens digit of n?
4
Let r(l) = -15*l + 10. Suppose 3*x = x + 2*i - 18, 5*i - 37 = 3*x. What is the units digit of r(x)?
0
Let n(j) = -17*j - 23 - j - 12*j. What is the tens digit of n(-6)?
5
Let w be (-140)/(-18) - (329/(-63) - -5). Suppose -w*k + 13*k = 390. What is the units digit of k?
8
Let t(s) = 223*s - 11. What is the hundreds digit of t(24)?
3
Let d(f) = f**3 + 4*f**2 - 6*f + 2. Let m be d(2). Let y(s) = -s**2 - 3*s + 8. Let g be y(-6). Let q = m - g. What is the tens digit of q?
2
Let f = 11 - 5. Suppose 0 = -5*k + 2*o, k - 2*o = 3*o. Suppose 252 = f*q - k*q. What is the tens digit of q?
4
Let c be (9/(-6))/((-9)/2424). Let o = c + -151. What is the units digit of o?
3
Let y(a) = 156*a**2 - 5*a - 1. What is the hundreds digit of y(-3)?
4
Suppose 9 - 1 = 2*f, -5*u = -3*f - 3588. What is the hundreds digit of u?
7
Let l = 2012 + -1282. What is the hundreds digit of l?
7
Suppose -51*s = -104599 + 12238. What is the units digit of s?
1
Suppose -3 = -12*a + 13*a. What is the units digit of 2/(a - 537/(-177))?
9
Let r(t) = t**3 + 7*t**2 - t - 3. Let h be r(-7). Suppose 0 = b - l + 2*l - 32, -h*b + 128 = -3*l. What is the units digit of b?
2
Let k be 3*(-5)/((-45)/6). Let v be (-3)/9*(-23 + k). Let p(j) = j**3 - 9*j**2 + 17*j - 5. What is the units digit of p(v)?
6
Let z = -3 - -9. Suppose -3*a + s = -84, z*a = 3*a + 4*s + 75. Let g = a - -11. What is the units digit of g?
0
Let i be 164 + 0 - (-7 - -6). Suppose 6*w = -33 + i. Suppose 12 = -l + w. What is the tens digit of l?
1
Let p(r) = -r**3 - 4*r**2 - 5*r - 204. Let j(x) = -x**3 - 4*x**2 - 4*x - 203. Let s(g) = -4*j(g) + 3*p(g). What is the units digit of s(0)?
0
Let l = -3098 + 4442. What is the units digit of l?
4
Let c = -753 - -4484. What is the tens digit of c?
3
Let a(n) = 8*n**2 + 24*n + 6. What is the tens digit of a(-6)?
5
Suppose -24*d = -5*d - 12217. What is the units digit of d?
3
Suppose -9*o - 212 = -10*o - s, 3*o - 5*s = 604. What is the hundreds digit of o?
2
Suppose -643 - 315 = -2*r. Suppose -19 = 5*i - r. What is the units digit of i?
2
Suppose -17 = -3*v + p + 29, 4*v + 2*p - 78 = 0. Suppose 285 = v*x - 2027. What is the hundreds digit of x?
1
Suppose c = -r + 9, 0*r = r - 4*c - 14. Let y(k) = -k**3 + 9*k**2 + 11*k + 5. What is the tens digit of y(r)?
1
Suppose 3*t - 9 = 2*x, 2*x - 1 + 5 = 2*t. Suppose -w + 29 = -3*b, x*b + 132 = 4*w - b. Suppose -5*o + 145 = w. What is the tens digit of o?
2
Let m = 1434 - 174. What is the tens digit of m?
6
Suppose 20*b + 15*b - 106330 = 0. What is the thousands digit of b?
3
Suppose 0 = -c + 8*c - 28. Suppose 0 = c*m - m - 84. What is the tens digit of m?
2
What is the thousands digit of (-404226)/(-119) + 2/14?
3
Let k(z) = z**2 + 9*z - 5. Let r be k(-7). Let t = r + 35. What is the units digit of t?
6
Let a(r) = 13*r**2 + 15*r - 21. What is the tens digit of a(2)?
6
Let b be ((-5)/4)/((-6)/312). Let v = -36 + b. What is the tens digit of v?
2
Let l be 29/1 - 0/(-2). Suppose l + 26 = 5*b. Let u = 26 - b. What is the tens digit of u?
1
Suppose -4*l - 36 = -8*l + 4*a, 42 = 2*l + 4*a. Let j = -9 + l. Suppose 0 = j*k - 22 - 6. What is the units digit of k?
7
Suppose 4*o = -0*o - 4, -b + 3*o + 411 = 0. What is the tens digit of b?
0
Let s(g) = -g**2 - 24*g - 20. Let n be s(-23). Suppose n*f - 58 = -3*p + 2, -32 = -2*f + 2*p. What is the tens digit of f?
1
Let d = 17 - 13. Suppose d = m - 0*m. Suppose -23 - 2 = -m*u + p, 3*p + 15 = 0. What is the units digit of u?
5
Let i be 295 + -3 + (-16)/(-4). Let f be (i/5)/(1/(-5)). What is the tens digit of (-9)/27 - f/6?
4
Let w(l) = -l**3 + 3*l - 2*l - 1 + 3*l - l**2 + 4*l. Let d(x) = x**3 - x**2 - x. Let c(q) = 2*d(q) + w(q). What is the tens digit of c(4)?
3
Let y be (1 - 15/6)/((-3)/(-8)). What is the units digit of (-930)/(-40) - (-1)/y?
3
Let w = 421 + 1187. What is the units digit of w?
8
Let r = 187 - -309. What is the units digit of r?
6
Suppose -3*h = h - 3092. What is the tens digit of h?
7
Let v(l) be the first derivative of -3 + 4*l**3 + 1/4*l**4 + 2*l + 9/2*l**2. What is the tens digit of v(-11)?
2
Suppose 100 + 140 = 12*d. Let m(p) = p**2 + 5*p - 3. Let h be m(-4). Let i = d - h. What is the tens digit of i?
2
Let r = -15 - -19. Let b(q) = 5 + 4 - 4*q - 8 + r. What is the units digit of b(-8)?
7
Let l(m) = m**3 + 5*m**2 + 3*m - 4. Suppose 3*g = -1 - 8. What is the units digit of l(g)?
5
Suppose -5*u = 489 - 139. Let r = -31 - u. What is the units digit of r?
9
Let a(h) = h**2 + 12*h + 1. Let u be -2 - (-106)/(-6) - (-1)/(-3). What is the hundreds digit of a(u)?
1
Let a = 272 - 137. What is the units digit of a?
5
Suppose 0 = -13*r + 4 + 9. Suppose 2*g - 2*d - 20 = 0, g = 2*g - 4*d - 25. Let t = g - r. What is the units digit of t?
4
Let p = 75 - 71. What is the tens digit of p + 3 + 86/1?
9
Suppose 4*i = 5*n - 10*n + 4, 5*n - 2*i - 28 = 0. Suppose -5*w + 635 = 5*v, -n*v = v + 15. What is the tens digit of w?
3
Suppose q - 307 = 2263. What is the tens digit of q?
7
Suppose -3*n - 41*l = -39*l - 1623, 3*l - 1626 = -3*n. What is the tens digit of n?
3
Let t(l) = l**3 + 5*l**2 - 5*l + 9. Let j be t(-6). Suppose j*y = 30 + 207. What is the units digit of y?
9
Suppose 3*r - 7*r - 1392 = -4*a, r = 5*a - 1720. What is the tens digit of a?
4
Let b = 1771 + -1169. Let z = b + -333. What is the units digit of z?
9
Suppose -2 = -i + 1. Let j be (i/4)/((-6)/144). Let s = -12 - j. What is the units digit of s?
6
Let s = 3 - 5. Let w be (